{"id":141,"date":"2025-12-19T22:01:57","date_gmt":"2025-12-19T20:01:57","guid":{"rendered":"https:\/\/u74361.www2.webdomain.fi\/?page_id=141"},"modified":"2025-12-20T19:09:20","modified_gmt":"2025-12-20T17:09:20","slug":"esittely","status":"publish","type":"page","link":"http:\/\/u74361.www2.webdomain.fi\/?page_id=141","title":{"rendered":"Maria Aaltonen"},"content":{"rendered":"\n<p class=\"has-large-font-size\"><strong>Maria Aaltonen<\/strong><\/p>\n\n\n\n<ul class=\"wp-block-list\">\n<li>Koirakoiden valmennusta p\u00e4\u00e4toimisena ty\u00f6n\u00e4 vuodesta 2006 <\/li>\n\n\n\n<li>Koirakoulu ProCaniksen kurssit, mm. pentukurssi, arkitottelevaisuus, agility, toko ja rally-toko -kurssit ja valmennukset, ongelmakoirakoulutus, yksityistunnit<\/li>\n\n\n\n<li>Avustajakoirien koulutusta ja avustajakoirien k\u00e4ytt\u00e4jien valmennusta 2013-2022.\n<ul class=\"wp-block-list\">\n<li>Useita liikuntarajoitteisille henkil\u00f6ille valmiiksi tai puolivalmiiksi koulutettuja avustajakoiria sek\u00e4 niiden k\u00e4ytt\u00f6\u00f6nottokoulutukset loppuk\u00e4ytt\u00e4j\u00e4lle.<\/li>\n\n\n\n<li>Avustajakoiraa tarvitsevien henkil\u00f6iden valmennusta Avustajakoirayhdistyksen itsekoulutusprojektissa.<\/li>\n<\/ul>\n<\/li>\n\n\n\n<li>Merkitt\u00e4vimm\u00e4t kilpailusaavutukset omien koirien kanssa\n<ul class=\"wp-block-list\">\n<li>Agility: Suomenmestaruus, maajoukkue-edustus MM- ja PohjM-kilpailuissa, piirinmestaruus mitaleja, useammalle koiralle agilityvalion arvo.<\/li>\n\n\n\n<li>Toko: Suomenmestaruus pronssia, maajoukkue-edustus MM- ja PohjM-kilpailuissa, MM-joukkue hopea, piirinmestaruusmitaleja, useammalle koiralle tottelevaisuusvalion arvo.<\/li>\n<\/ul>\n<\/li>\n<\/ul>\n\n\n\n<p><strong>Tutkinnot ja koulutukset<\/strong><\/p>\n\n\n\n<ul class=\"wp-block-list\">\n<li>Koira-alan mentaalivalmentaja, 2021<\/li>\n\n\n\n<li>El\u00e4intenkouluttaja (AT), 2020<\/li>\n\n\n\n<li>JAMK t\u00e4ydennyskoulutus, koira-avusteinen kasvatus ja kuntoutusty\u00f6, 2020<\/li>\n\n\n\n<li>Ongelmakoira kouluttajakoulutus, Suomen El\u00e4inkoulutuskeskus, 2006<\/li>\n\n\n\n<li>L\u00e4hihoitaja, 2001<\/li>\n<\/ul>\n\n\n\n<figure class=\"wp-block-image size-large is-resized\"><img loading=\"lazy\" decoding=\"async\" width=\"800\" height=\"1024\" src=\"http:\/\/u74361.www2.webdomain.fi\/wp-content\/uploads\/2025\/12\/Hali_Maria_muokattu2-800x1024.jpg\" alt=\"\" class=\"wp-image-155\" style=\"aspect-ratio:0.7812713914114909;width:423px;height:auto\" srcset=\"http:\/\/u74361.www2.webdomain.fi\/wp-content\/uploads\/2025\/12\/Hali_Maria_muokattu2-800x1024.jpg 800w, http:\/\/u74361.www2.webdomain.fi\/wp-content\/uploads\/2025\/12\/Hali_Maria_muokattu2-234x300.jpg 234w, http:\/\/u74361.www2.webdomain.fi\/wp-content\/uploads\/2025\/12\/Hali_Maria_muokattu2-768x983.jpg 768w, http:\/\/u74361.www2.webdomain.fi\/wp-content\/uploads\/2025\/12\/Hali_Maria_muokattu2.jpg 994w\" sizes=\"auto, (max-width: 800px) 100vw, 800px\" \/><\/figure>\n\n\n\n<p>Vuosien kokemus koirien kouluttamisesta ja ihmisten ohjaamisesta on tuonut minulle laajaa ymm\u00e4rryst\u00e4 siit\u00e4, kuinka jokainen koira on yksil\u00f6 kuten me ihmisetkin. Oppimisen lainalaisuudet toimivat jokaiselle yksil\u00f6lle samalla kaavalla, siit\u00e4 huolimatta oppimiseen vaikuttavia muuttuvia tekij\u00f6it\u00e4 on paljon eri koira- ja ihmisyksil\u00f6iden v\u00e4lill\u00e4. N\u00e4m\u00e4 otan aina huomioon kouluttessani koirakkoja. <\/p>\n\n\n\n<p>Huomioin aina koiran hyvinvoinnin kokonaisuutena ja se onkin vahvasti keski\u00f6ss\u00e4 kaikissa koulutuksissani. Kokonaisvaltaisesti hyvinvoiva koira pystyy parhaimpaansa, oli sitten tavoitteena pitk\u00e4n ty\u00f6uran tekev\u00e4 luotettavasti toimiva ty\u00f6koira, huipulle koulutettu urheilu- ja kisakoira tai tasapainoinen perhekoira.<\/p>\n\n\n\n<p>Haluan kohdata jokaisen asiakkaani, niin ihmisen kuin koiran, omana ainutlaatuisena ja arvokkaana yksil\u00f6n\u00e4. Koulutustilanteessa minulle on t\u00e4rke\u00e4\u00e4 luoda turvallinen ja vuorovaikutuksellinen ilmapiiri asiakkaani ja itseni v\u00e4lille.  Uskon, ett\u00e4 sill\u00e4 tavalla uusien asioiden omaksuminen ja oppiminen on tehokasta. Rento ja turvallinen ilmapiiri v\u00e4littyy positiivisella tavalla my\u00f6s koiraan. Optimaalinen tunnetila uuden asian oppimiselle edist\u00e4\u00e4 sek\u00e4 koiran ett\u00e4 ihmisen oppimista. <\/p>\n\n\n\n<figure class=\"wp-block-image size-large is-resized\"><img loading=\"lazy\" decoding=\"async\" width=\"1024\" height=\"611\" src=\"https:\/\/u74361.www2.webdomain.fi\/wp-content\/uploads\/2025\/12\/Tuttifrutti_65-1024x611.jpg\" alt=\"\" class=\"wp-image-166\" style=\"aspect-ratio:1.6759672039155782;width:652px;height:auto\" srcset=\"http:\/\/u74361.www2.webdomain.fi\/wp-content\/uploads\/2025\/12\/Tuttifrutti_65-1024x611.jpg 1024w, http:\/\/u74361.www2.webdomain.fi\/wp-content\/uploads\/2025\/12\/Tuttifrutti_65-300x179.jpg 300w, http:\/\/u74361.www2.webdomain.fi\/wp-content\/uploads\/2025\/12\/Tuttifrutti_65-768x458.jpg 768w, http:\/\/u74361.www2.webdomain.fi\/wp-content\/uploads\/2025\/12\/Tuttifrutti_65-1536x916.jpg 1536w, http:\/\/u74361.www2.webdomain.fi\/wp-content\/uploads\/2025\/12\/Tuttifrutti_65.jpg 2048w\" sizes=\"auto, (max-width: 1024px) 100vw, 1024px\" \/><\/figure>\n","protected":false},"excerpt":{"rendered":"<p>Maria Aaltonen Tutkinnot ja koulutukset Vuosien kokemus koirien kouluttamisesta ja ihmisten ohjaamisesta on tuonut minulle laajaa ymm\u00e4rryst\u00e4 siit\u00e4, kuinka jokainen koira on yksil\u00f6 kuten me ihmisetkin. Oppimisen lainalaisuudet toimivat jokaiselle yksil\u00f6lle samalla kaavalla, siit\u00e4 huolimatta oppimiseen vaikuttavia muuttuvia tekij\u00f6it\u00e4 on paljon eri koira- ja ihmisyksil\u00f6iden v\u00e4lill\u00e4. N\u00e4m\u00e4 otan aina huomioon kouluttessani koirakkoja. Huomioin aina koiran [&hellip;]<\/p>\n","protected":false},"author":1,"featured_media":155,"parent":0,"menu_order":0,"comment_status":"closed","ping_status":"closed","template":"","meta":{"footnotes":""},"class_list":["post-141","page","type-page","status-publish","has-post-thumbnail","hentry","entry","has-media"],"_links":{"self":[{"href":"http:\/\/u74361.www2.webdomain.fi\/index.php?rest_route=\/wp\/v2\/pages\/141","targetHints":{"allow":["GET"]}}],"collection":[{"href":"http:\/\/u74361.www2.webdomain.fi\/index.php?rest_route=\/wp\/v2\/pages"}],"about":[{"href":"http:\/\/u74361.www2.webdomain.fi\/index.php?rest_route=\/wp\/v2\/types\/page"}],"author":[{"embeddable":true,"href":"http:\/\/u74361.www2.webdomain.fi\/index.php?rest_route=\/wp\/v2\/users\/1"}],"replies":[{"embeddable":true,"href":"http:\/\/u74361.www2.webdomain.fi\/index.php?rest_route=%2Fwp%2Fv2%2Fcomments&post=141"}],"version-history":[{"count":12,"href":"http:\/\/u74361.www2.webdomain.fi\/index.php?rest_route=\/wp\/v2\/pages\/141\/revisions"}],"predecessor-version":[{"id":168,"href":"http:\/\/u74361.www2.webdomain.fi\/index.php?rest_route=\/wp\/v2\/pages\/141\/revisions\/168"}],"wp:featuredmedia":[{"embeddable":true,"href":"http:\/\/u74361.www2.webdomain.fi\/index.php?rest_route=\/wp\/v2\/media\/155"}],"wp:attachment":[{"href":"http:\/\/u74361.www2.webdomain.fi\/index.php?rest_route=%2Fwp%2Fv2%2Fmedia&parent=141"}],"curies":[{"name":"wp","href":"https:\/\/api.w.org\/{rel}","templated":true}]}}