{"id":143,"date":"2025-12-19T22:03:40","date_gmt":"2025-12-19T20:03:40","guid":{"rendered":"https:\/\/u74361.www2.webdomain.fi\/?page_id=143"},"modified":"2025-12-20T20:00:40","modified_gmt":"2025-12-20T18:00:40","slug":"procanis-halli","status":"publish","type":"page","link":"http:\/\/u74361.www2.webdomain.fi\/?page_id=143","title":{"rendered":"ProCanis-halli"},"content":{"rendered":"\n<p class=\"has-medium-font-size\">ProCanis-halli<\/p>\n\n\n\n<p>Hallin koko on noin 400m2. Hallissa on Saltexin kumirouhetekonurmimatto, l\u00e4mp\u00f6tila hallissa on noin +13-15 astetta. <\/p>\n\n\n\n<p>Agilityesteet: 2x 6m putki, 1x 3m putki, korkeuss\u00e4\u00e4dett\u00e4v\u00e4 A-este (Smart99), korkeuss\u00e4\u00e4dett\u00e4v\u00e4 puomi (Galican soft), korkeusss\u00e4dett\u00e4v\u00e4 keinu (Agimet), pujottelu, hyppyj\u00e4, pituuseste, rengas. <\/p>\n\n\n\n<p>Tokohypyt ja muuta tokov\u00e4lineist\u00f6\u00e4, rally-tokokyltit ja -telineet, korkeuss\u00e4\u00e4dett\u00e4v\u00e4 PK-hyppy. <\/p>\n\n\n\n<p>Hallista l\u00f6ytyy my\u00f6s keitti\u00f6, wc &amp; suihku sek\u00e4 pieni odotushuone.<\/p>\n\n\n\n<p class=\"has-medium-font-size\">ProCanis-hallin vuokraus<\/p>\n\n\n\n<p>Hallia on mahdollista vuokrata omaan k\u00e4ytt\u00f6\u00f6n, yhdistykselle tai treeni porukalle varaten viikottaisen vakivuoron tai irrallisia vuoroja tarpeen mukaan. <\/p>\n\n\n\n<p>Kausikortilla p\u00e4\u00e4see hallissa harjoittelemaan itsen\u00e4isesti aina, kun siell\u00e4 ei ole varauksia. Varaukset n\u00e4kyv\u00e4t t\u00e4ll\u00e4 hetkell\u00e4 kausikorttilaisten omasta facebook-ryhm\u00e4st\u00e4. Kausikortti on henkil\u00f6kohtainen ja siell\u00e4 ei voi varata hallia pelk\u00e4st\u00e4\u00e4n omaan k\u00e4ytt\u00f6\u00f6n. Useamman kausikorttilaisen tullessa hallille samanaikaisesti treenaaminen tapahtuu vuorotellen. <\/p>\n\n\n\n<p>Hallin vuokraamiseen ja kausikortteihin liittyv\u00e4t kyselyt maria@procanis.fi<\/p>\n\n\n\n<p><\/p>\n\n\n\n<p class=\"has-medium-font-size\">Hinnat<\/p>\n\n\n\n<p><strong>Vakivuoro<\/strong> (yht. 3kk kerran viikossa): Arkisin klo 22.00-15.00: 29\u20ac\/h<br>Arkisin klo 15.00-22.00 &amp; viikonloppuisin: 33,50\u20ac\/h<\/p>\n\n\n\n<p><\/p>\n\n\n\n<p><strong>Irtovuoro<\/strong>: Arkisin klo 22.00-15.00: 31\u20ac\/h. Arkisin klo 15.00-22.00 &amp; viikonloppuisin: 38\u20ac\/h<\/p>\n\n\n\n<p><strong>Kausikortti<\/strong>: 1kk\/55\u20ac, 4kk\/175\u20ac<\/p>\n\n\n\n<p>Kaikki hinnat sis\u00e4lt\u00e4v\u00e4t alv:n 25,5%<\/p>\n\n\n\n<figure class=\"wp-block-image size-large is-resized\"><img loading=\"lazy\" decoding=\"async\" width=\"1024\" height=\"683\" src=\"https:\/\/u74361.www2.webdomain.fi\/wp-content\/uploads\/2025\/12\/ProCanis_tunnit__042-1024x683.jpg\" alt=\"\" class=\"wp-image-186\" style=\"aspect-ratio:1.4992888417882142;width:567px;height:auto\" srcset=\"http:\/\/u74361.www2.webdomain.fi\/wp-content\/uploads\/2025\/12\/ProCanis_tunnit__042-1024x683.jpg 1024w, http:\/\/u74361.www2.webdomain.fi\/wp-content\/uploads\/2025\/12\/ProCanis_tunnit__042-300x200.jpg 300w, http:\/\/u74361.www2.webdomain.fi\/wp-content\/uploads\/2025\/12\/ProCanis_tunnit__042-768x512.jpg 768w, http:\/\/u74361.www2.webdomain.fi\/wp-content\/uploads\/2025\/12\/ProCanis_tunnit__042-1536x1025.jpg 1536w, http:\/\/u74361.www2.webdomain.fi\/wp-content\/uploads\/2025\/12\/ProCanis_tunnit__042.jpg 2048w\" sizes=\"auto, (max-width: 1024px) 100vw, 1024px\" \/><\/figure>\n\n\n\n<p><\/p>\n","protected":false},"excerpt":{"rendered":"<p>ProCanis-halli Hallin koko on noin 400m2. Hallissa on Saltexin kumirouhetekonurmimatto, l\u00e4mp\u00f6tila hallissa on noin +13-15 astetta. Agilityesteet: 2x 6m putki, 1x 3m putki, korkeuss\u00e4\u00e4dett\u00e4v\u00e4 A-este (Smart99), korkeuss\u00e4\u00e4dett\u00e4v\u00e4 puomi (Galican soft), korkeusss\u00e4dett\u00e4v\u00e4 keinu (Agimet), pujottelu, hyppyj\u00e4, pituuseste, rengas. Tokohypyt ja muuta tokov\u00e4lineist\u00f6\u00e4, rally-tokokyltit ja -telineet, korkeuss\u00e4\u00e4dett\u00e4v\u00e4 PK-hyppy. Hallista l\u00f6ytyy my\u00f6s keitti\u00f6, wc &amp; suihku sek\u00e4 pieni [&hellip;]<\/p>\n","protected":false},"author":1,"featured_media":0,"parent":0,"menu_order":0,"comment_status":"closed","ping_status":"closed","template":"","meta":{"footnotes":""},"class_list":["post-143","page","type-page","status-publish","hentry","entry"],"_links":{"self":[{"href":"http:\/\/u74361.www2.webdomain.fi\/index.php?rest_route=\/wp\/v2\/pages\/143","targetHints":{"allow":["GET"]}}],"collection":[{"href":"http:\/\/u74361.www2.webdomain.fi\/index.php?rest_route=\/wp\/v2\/pages"}],"about":[{"href":"http:\/\/u74361.www2.webdomain.fi\/index.php?rest_route=\/wp\/v2\/types\/page"}],"author":[{"embeddable":true,"href":"http:\/\/u74361.www2.webdomain.fi\/index.php?rest_route=\/wp\/v2\/users\/1"}],"replies":[{"embeddable":true,"href":"http:\/\/u74361.www2.webdomain.fi\/index.php?rest_route=%2Fwp%2Fv2%2Fcomments&post=143"}],"version-history":[{"count":13,"href":"http:\/\/u74361.www2.webdomain.fi\/index.php?rest_route=\/wp\/v2\/pages\/143\/revisions"}],"predecessor-version":[{"id":188,"href":"http:\/\/u74361.www2.webdomain.fi\/index.php?rest_route=\/wp\/v2\/pages\/143\/revisions\/188"}],"wp:attachment":[{"href":"http:\/\/u74361.www2.webdomain.fi\/index.php?rest_route=%2Fwp%2Fv2%2Fmedia&parent=143"}],"curies":[{"name":"wp","href":"https:\/\/api.w.org\/{rel}","templated":true}]}}

<p class="has-medium-font-size">ProCanis-halli</p>



<p>Hallin koko on noin 400m2. Hallissa on Saltexin kumirouhetekonurmimatto, lämpötila hallissa on noin +13-15 astetta. </p>



<p>Agilityesteet: 2x 6m putki, 1x 3m putki, korkeussäädettävä A-este (Smart99), korkeussäädettävä puomi (Galican soft), korkeusssädettävä keinu (Agimet), pujottelu, hyppyjä, pituuseste, rengas. </p>



<p>Tokohypyt ja muuta tokovälineistöä, rally-tokokyltit ja -telineet, korkeussäädettävä PK-hyppy. </p>



<p>Hallista löytyy myös keittiö, wc &amp; suihku sekä pieni odotushuone.</p>



<p class="has-medium-font-size">ProCanis-hallin vuokraus</p>



<p>Hallia on mahdollista vuokrata omaan käyttöön, yhdistykselle tai treeni porukalle varaten viikottaisen vakivuoron tai irrallisia vuoroja tarpeen mukaan. </p>



<p>Kausikortilla pääsee hallissa harjoittelemaan itsenäisesti aina, kun siellä ei ole varauksia. Varaukset näkyvät tällä hetkellä kausikorttilaisten omasta facebook-ryhmästä. Kausikortti on henkilökohtainen ja siellä ei voi varata hallia pelkästään omaan käyttöön. Useamman kausikorttilaisen tullessa hallille samanaikaisesti treenaaminen tapahtuu vuorotellen. </p>



<p>Hallin vuokraamiseen ja kausikortteihin liittyvät kyselyt maria@procanis.fi</p>



<p></p>



<p class="has-medium-font-size">Hinnat</p>



<p><strong>Vakivuoro</strong> (yht. 3kk kerran viikossa): Arkisin klo 22.00-15.00: 29€/h<br>Arkisin klo 15.00-22.00 &amp; viikonloppuisin: 33,50€/h</p>



<p></p>



<p><strong>Irtovuoro</strong>: Arkisin klo 22.00-15.00: 31€/h. Arkisin klo 15.00-22.00 &amp; viikonloppuisin: 38€/h</p>



<p><strong>Kausikortti</strong>: 1kk/55€, 4kk/175€</p>



<p>Kaikki hinnat sisältävät alv:n 25,5%</p>



<figure class="wp-block-image size-large is-resized"><img loading="lazy" decoding="async" width="1024" height="683" src="https://u74361.www2.webdomain.fi/wp-content/uploads/2025/12/ProCanis_tunnit__042-1024x683.jpg" alt="" class="wp-image-186" style="aspect-ratio:1.4992888417882142;width:567px;height:auto" srcset="http://u74361.www2.webdomain.fi/wp-content/uploads/2025/12/ProCanis_tunnit__042-1024x683.jpg 1024w, http://u74361.www2.webdomain.fi/wp-content/uploads/2025/12/ProCanis_tunnit__042-300x200.jpg 300w, http://u74361.www2.webdomain.fi/wp-content/uploads/2025/12/ProCanis_tunnit__042-768x512.jpg 768w, http://u74361.www2.webdomain.fi/wp-content/uploads/2025/12/ProCanis_tunnit__042-1536x1025.jpg 1536w, http://u74361.www2.webdomain.fi/wp-content/uploads/2025/12/ProCanis_tunnit__042.jpg 2048w" sizes="auto, (max-width: 1024px) 100vw, 1024px" /></figure>



<p></p>

<p>ProCanis-halli Hallin koko on noin 400m2. Hallissa on Saltexin kumirouhetekonurmimatto, lämpötila hallissa on noin +13-15 astetta. Agilityesteet: 2x 6m putki, 1x 3m putki, korkeussäädettävä A-este (Smart99), korkeussäädettävä puomi (Galican soft), korkeusssädettävä keinu (Agimet), pujottelu, hyppyjä, pituuseste, rengas. Tokohypyt ja muuta tokovälineistöä, rally-tokokyltit ja -telineet, korkeussäädettävä PK-hyppy. Hallista löytyy myös keittiö, wc &amp; suihku sekä pieni [&hellip;]</p>
